{"id":1572,"date":"2020-06-22T21:14:32","date_gmt":"2020-06-22T21:14:32","guid":{"rendered":"https:\/\/hospirent.com\/Hospirentsv\/?page_id=1572"},"modified":"2022-04-20T18:56:09","modified_gmt":"2022-04-20T18:56:09","slug":"cinturon-lumbosacro","status":"publish","type":"page","link":"https:\/\/hospirent.com\/Hospirentsv\/cinturon-lumbosacro\/","title":{"rendered":"Cintur\u00f3n Lumbosacro"},"content":{"rendered":"\t\t<div data-elementor-type=\"wp-page\" data-elementor-id=\"1572\" class=\"elementor elementor-1572\">\n\t\t\t\t\t\t<section class=\"elementor-section elementor-top-section elementor-element elementor-element-8d87464 elementor-section-boxed elementor-section-height-default elementor-section-height-default\" data-id=\"8d87464\" data-element_type=\"section\" data-e-type=\"section\">\n\t\t\t\t\t\t<div class=\"elementor-container elementor-column-gap-default\">\n\t\t\t\t\t<div class=\"elementor-column elementor-col-25 elementor-top-column elementor-element elementor-element-eb6184c\" data-id=\"eb6184c\" data-element_type=\"column\" data-e-type=\"column\">\n\t\t\t<div class=\"elementor-widget-wrap\">\n\t\t\t\t\t\t\t<\/div>\n\t\t<\/div>\n\t\t\t\t<div class=\"elementor-column elementor-col-25 elementor-top-column elementor-element elementor-element-5db98c7\" data-id=\"5db98c7\" data-element_type=\"column\" data-e-type=\"column\">\n\t\t\t<div class=\"elementor-widget-wrap\">\n\t\t\t\t\t\t\t<\/div>\n\t\t<\/div>\n\t\t\t\t<div class=\"elementor-column elementor-col-25 elementor-top-column elementor-element elementor-element-76e76b8\" data-id=\"76e76b8\" data-element_type=\"column\" data-e-type=\"column\">\n\t\t\t<div class=\"elementor-widget-wrap\">\n\t\t\t\t\t\t\t<\/div>\n\t\t<\/div>\n\t\t\t\t<div class=\"elementor-column elementor-col-25 elementor-top-column elementor-element elementor-element-cb08cbc\" data-id=\"cb08cbc\" data-element_type=\"column\" data-e-type=\"column\">\n\t\t\t<div class=\"elementor-widget-wrap elementor-element-populated\">\n\t\t\t\t\t\t<div class=\"elementor-element elementor-element-1b01c74 elementor-align-center elementor-widget elementor-widget-button\" data-id=\"1b01c74\" data-element_type=\"widget\" data-e-type=\"widget\" data-widget_type=\"button.default\">\n\t\t\t\t<div class=\"elementor-widget-container\">\n\t\t\t\t\t\t\t\t\t<div class=\"elementor-button-wrapper\">\n\t\t\t\t\t<a class=\"elementor-button elementor-button-link elementor-size-sm\" href=\"https:\/\/hospirent.com\/Hospirentsv\/catalogo-de-productos\/\">\n\t\t\t\t\t\t<span class=\"elementor-button-content-wrapper\">\n\t\t\t\t\t\t<span class=\"elementor-button-icon\">\n\t\t\t\t<i aria-hidden=\"true\" class=\"fas fa-caret-square-left\"><\/i>\t\t\t<\/span>\n\t\t\t\t\t\t\t\t\t<span class=\"elementor-button-text\">Cat\u00e1logo<\/span>\n\t\t\t\t\t<\/span>\n\t\t\t\t\t<\/a>\n\t\t\t\t<\/div>\n\t\t\t\t\t\t\t\t<\/div>\n\t\t\t\t<\/div>\n\t\t\t\t\t<\/div>\n\t\t<\/div>\n\t\t\t\t\t<\/div>\n\t\t<\/section>\n\t\t\t\t<section class=\"elementor-section elementor-top-section elementor-element elementor-element-5f9c1e7 elementor-section-boxed elementor-section-height-default elementor-section-height-default\" data-id=\"5f9c1e7\" data-element_type=\"section\" data-e-type=\"section\" data-settings=\"{&quot;background_background&quot;:&quot;classic&quot;}\">\n\t\t\t\t\t\t<div class=\"elementor-container elementor-column-gap-default\">\n\t\t\t\t\t<div class=\"elementor-column elementor-col-100 elementor-top-column elementor-element elementor-element-59798a8\" data-id=\"59798a8\" data-element_type=\"column\" data-e-type=\"column\">\n\t\t\t<div class=\"elementor-widget-wrap elementor-element-populated\">\n\t\t\t\t\t\t<section class=\"elementor-section elementor-inner-section elementor-element elementor-element-fbd189f elementor-section-boxed elementor-section-height-default elementor-section-height-default\" data-id=\"fbd189f\" data-element_type=\"section\" data-e-type=\"section\">\n\t\t\t\t\t\t<div class=\"elementor-container elementor-column-gap-default\">\n\t\t\t\t\t<div class=\"elementor-column elementor-col-100 elementor-inner-column elementor-element elementor-element-41a91bc\" data-id=\"41a91bc\" data-element_type=\"column\" data-e-type=\"column\">\n\t\t\t<div class=\"elementor-widget-wrap elementor-element-populated\">\n\t\t\t\t\t\t<div class=\"elementor-element elementor-element-5c36bfc elementor-widget elementor-widget-heading\" data-id=\"5c36bfc\" data-element_type=\"widget\" data-e-type=\"widget\" data-widget_type=\"heading.default\">\n\t\t\t\t<div class=\"elementor-widget-container\">\n\t\t\t\t\t<h2 class=\"elementor-heading-title elementor-size-default\">Cinturones <br>lumbrosacro<\/h2>\t\t\t\t<\/div>\n\t\t\t\t<\/div>\n\t\t\t\t<div class=\"elementor-element elementor-element-9cdb27d elementor-position-left elementor-vertical-align-top elementor-widget elementor-widget-image-box\" data-id=\"9cdb27d\" data-element_type=\"widget\" data-e-type=\"widget\" data-widget_type=\"image-box.default\">\n\t\t\t\t<div class=\"elementor-widget-container\">\n\t\t\t\t\t<div class=\"elementor-image-box-wrapper\"><figure class=\"elementor-image-box-img\"><img fetchpriority=\"high\" decoding=\"async\" width=\"1296\" height=\"1296\" src=\"https:\/\/hospirent.com\/Hospirentsv\/wp-content\/uploads\/2022\/04\/Cinturon-lumbosacral-talla-universal.png\" class=\"attachment-full size-full wp-image-3404\" alt=\"\" srcset=\"https:\/\/hospirent.com\/Hospirentsv\/wp-content\/uploads\/2022\/04\/Cinturon-lumbosacral-talla-universal.png 1296w, https:\/\/hospirent.com\/Hospirentsv\/wp-content\/uploads\/2022\/04\/Cinturon-lumbosacral-talla-universal-300x300.png 300w, https:\/\/hospirent.com\/Hospirentsv\/wp-content\/uploads\/2022\/04\/Cinturon-lumbosacral-talla-universal-1024x1024.png 1024w, https:\/\/hospirent.com\/Hospirentsv\/wp-content\/uploads\/2022\/04\/Cinturon-lumbosacral-talla-universal-150x150.png 150w, https:\/\/hospirent.com\/Hospirentsv\/wp-content\/uploads\/2022\/04\/Cinturon-lumbosacral-talla-universal-768x768.png 768w\" sizes=\"(max-width: 1296px) 100vw, 1296px\" \/><\/figure><div class=\"elementor-image-box-content\"><h3 class=\"elementor-image-box-title\">Cintur\u00f3n lumbosacral talla universal<\/h3><p class=\"elementor-image-box-description\">Este cintur\u00f3n lumbo es ideal para el alivio del dolor de espalda baja.<br>Proporciona el m\u00e1ximo apoyo en dolor de espalda o alguna actividad vigorosa mediante la reducci\u00f3n de la tensi\u00f3n.<br>Material de espuma y pl\u00e1stico.<br>4 barras de metal para mejorar la postura.<br>Velcro tiene un efecto de compresi\u00f3n alrededor de la espalda inferior y abdomen, refuerza las zonas lumbar y lumbosacra y promueve una buena postura.<\/p><\/div><\/div>\t\t\t\t<\/div>\n\t\t\t\t<\/div>\n\t\t\t\t<div class=\"elementor-element elementor-element-87a4a66 elementor-position-left elementor-vertical-align-top elementor-widget elementor-widget-image-box\" data-id=\"87a4a66\" data-element_type=\"widget\" data-e-type=\"widget\" data-widget_type=\"image-box.default\">\n\t\t\t\t<div class=\"elementor-widget-container\">\n\t\t\t\t\t<div class=\"elementor-image-box-wrapper\"><figure class=\"elementor-image-box-img\"><img decoding=\"async\" width=\"1296\" height=\"1296\" src=\"https:\/\/hospirent.com\/Hospirentsv\/wp-content\/uploads\/2022\/04\/Cinturon-lumbosacral.png\" class=\"attachment-full size-full wp-image-3405\" alt=\"\" srcset=\"https:\/\/hospirent.com\/Hospirentsv\/wp-content\/uploads\/2022\/04\/Cinturon-lumbosacral.png 1296w, https:\/\/hospirent.com\/Hospirentsv\/wp-content\/uploads\/2022\/04\/Cinturon-lumbosacral-300x300.png 300w, https:\/\/hospirent.com\/Hospirentsv\/wp-content\/uploads\/2022\/04\/Cinturon-lumbosacral-1024x1024.png 1024w, https:\/\/hospirent.com\/Hospirentsv\/wp-content\/uploads\/2022\/04\/Cinturon-lumbosacral-150x150.png 150w, https:\/\/hospirent.com\/Hospirentsv\/wp-content\/uploads\/2022\/04\/Cinturon-lumbosacral-768x768.png 768w\" sizes=\"(max-width: 1296px) 100vw, 1296px\" \/><\/figure><div class=\"elementor-image-box-content\"><h3 class=\"elementor-image-box-title\">Cintur\u00f3n lumbosacral<\/h3><p class=\"elementor-image-box-description\">Paneles r\u00edgidos que proporciona estabilidad, compresi\u00f3n y apoyo.<br>Eleva el peso abdominal para aliviar la presi\u00f3n.<br>Presi\u00f3n ajustable f\u00e1cil de manejar.<br>Tejido lavable y transpirable.<br>Eficaz en el dolor de espalda y favoreciendo la movilidad.<br>Mejora la calidad de vida.<\/p><\/div><\/div>\t\t\t\t<\/div>\n\t\t\t\t<\/div>\n\t\t\t\t<div class=\"elementor-element elementor-element-37969c5 elementor-position-left elementor-vertical-align-top elementor-widget elementor-widget-image-box\" data-id=\"37969c5\" data-element_type=\"widget\" data-e-type=\"widget\" data-widget_type=\"image-box.default\">\n\t\t\t\t<div class=\"elementor-widget-container\">\n\t\t\t\t\t<div class=\"elementor-image-box-wrapper\"><figure class=\"elementor-image-box-img\"><img decoding=\"async\" width=\"470\" height=\"470\" src=\"https:\/\/hospirent.com\/Hospirentsv\/wp-content\/uploads\/2020\/04\/Cinturon2.jpg\" class=\"attachment-full size-full wp-image-1011\" alt=\"\" srcset=\"https:\/\/hospirent.com\/Hospirentsv\/wp-content\/uploads\/2020\/04\/Cinturon2.jpg 470w, https:\/\/hospirent.com\/Hospirentsv\/wp-content\/uploads\/2020\/04\/Cinturon2-300x300.jpg 300w, https:\/\/hospirent.com\/Hospirentsv\/wp-content\/uploads\/2020\/04\/Cinturon2-150x150.jpg 150w\" sizes=\"(max-width: 470px) 100vw, 470px\" \/><\/figure><div class=\"elementor-image-box-content\"><h3 class=\"elementor-image-box-title\">Cintur\u00f3n lumbosacro<\/h3><p class=\"elementor-image-box-description\">Paneles r\u00edgidos que proporcionan estabilidad, compresi\u00f3n y apoyo.<br>Eleva el peso abdominal para aliviar la presi\u00f3n.<br>Presi\u00f3n ajustables f\u00e1cil de manejar.<br>Tejido lavable y transpirable.<br>Eficaz en el dolor de espalda y favoreciendo la movilidad.<br>Mejora la calidad de vida.<\/p><\/div><\/div>\t\t\t\t<\/div>\n\t\t\t\t<\/div>\n\t\t\t\t<div class=\"elementor-element elementor-element-3dfbe72 elementor-position-left elementor-vertical-align-top elementor-widget elementor-widget-image-box\" data-id=\"3dfbe72\" data-element_type=\"widget\" data-e-type=\"widget\" data-widget_type=\"image-box.default\">\n\t\t\t\t<div class=\"elementor-widget-container\">\n\t\t\t\t\t<div class=\"elementor-image-box-wrapper\"><figure class=\"elementor-image-box-img\"><img loading=\"lazy\" decoding=\"async\" width=\"3292\" height=\"3292\" src=\"https:\/\/hospirent.com\/Hospirentsv\/wp-content\/uploads\/2022\/04\/Cinturon-para-mover-pacientes.png\" class=\"attachment-full size-full wp-image-3410\" alt=\"\" srcset=\"https:\/\/hospirent.com\/Hospirentsv\/wp-content\/uploads\/2022\/04\/Cinturon-para-mover-pacientes.png 3292w, https:\/\/hospirent.com\/Hospirentsv\/wp-content\/uploads\/2022\/04\/Cinturon-para-mover-pacientes-300x300.png 300w, https:\/\/hospirent.com\/Hospirentsv\/wp-content\/uploads\/2022\/04\/Cinturon-para-mover-pacientes-1024x1024.png 1024w, https:\/\/hospirent.com\/Hospirentsv\/wp-content\/uploads\/2022\/04\/Cinturon-para-mover-pacientes-150x150.png 150w, https:\/\/hospirent.com\/Hospirentsv\/wp-content\/uploads\/2022\/04\/Cinturon-para-mover-pacientes-768x768.png 768w, https:\/\/hospirent.com\/Hospirentsv\/wp-content\/uploads\/2022\/04\/Cinturon-para-mover-pacientes-1536x1536.png 1536w\" sizes=\"(max-width: 3292px) 100vw, 3292px\" \/><\/figure><div class=\"elementor-image-box-content\"><h3 class=\"elementor-image-box-title\">Cintur\u00f3n para mover pacientes<\/h3><p class=\"elementor-image-box-description\">Ideal para levantar a su paciente sin lastimarlo.<br>Facilita la transferencia sin tener que cargar todo el peso de su paciente.<br>Material anti deslizante, seguros de alta resistencia.<br>Permite mejores t\u00e9cnicas de manejo mientras ayuda en transferencias o reposicionamiento.<br>Correas anchas que proporciona un mayor contacto con el paciente.<br>Material ergon\u00f3mico.<\/p><\/div><\/div>\t\t\t\t<\/div>\n\t\t\t\t<\/div>\n\t\t\t\t<div class=\"elementor-element elementor-element-1156c20 elementor-position-left elementor-vertical-align-top elementor-widget elementor-widget-image-box\" data-id=\"1156c20\" data-element_type=\"widget\" data-e-type=\"widget\" data-widget_type=\"image-box.default\">\n\t\t\t\t<div class=\"elementor-widget-container\">\n\t\t\t\t\t<div class=\"elementor-image-box-wrapper\"><figure class=\"elementor-image-box-img\"><img loading=\"lazy\" decoding=\"async\" width=\"1280\" height=\"1280\" src=\"https:\/\/hospirent.com\/Hospirentsv\/wp-content\/uploads\/2022\/04\/Faja-cinturon-lumbosacral-3-en-una.png\" class=\"attachment-full size-full wp-image-3411\" alt=\"\" srcset=\"https:\/\/hospirent.com\/Hospirentsv\/wp-content\/uploads\/2022\/04\/Faja-cinturon-lumbosacral-3-en-una.png 1280w, https:\/\/hospirent.com\/Hospirentsv\/wp-content\/uploads\/2022\/04\/Faja-cinturon-lumbosacral-3-en-una-300x300.png 300w, https:\/\/hospirent.com\/Hospirentsv\/wp-content\/uploads\/2022\/04\/Faja-cinturon-lumbosacral-3-en-una-1024x1024.png 1024w, https:\/\/hospirent.com\/Hospirentsv\/wp-content\/uploads\/2022\/04\/Faja-cinturon-lumbosacral-3-en-una-150x150.png 150w, https:\/\/hospirent.com\/Hospirentsv\/wp-content\/uploads\/2022\/04\/Faja-cinturon-lumbosacral-3-en-una-768x768.png 768w\" sizes=\"(max-width: 1280px) 100vw, 1280px\" \/><\/figure><div class=\"elementor-image-box-content\"><h3 class=\"elementor-image-box-title\">Faja \/ Cintur\u00f3n lumbosacral 3 en una<\/h3><p class=\"elementor-image-box-description\">Para mejorar la fuerza de soporte de la cintura y el vientre, f\u00e1cil de dar forma, manteniendo el calor del abdomen.<br>Promueve la curaci\u00f3n p\u00e9lvica, levanta las caderas y evita que la herida se rompa.<br>Es ideal para la recuperaci\u00f3n de posparto para abdomen, cintura y pelvis.<\/p><\/div><\/div>\t\t\t\t<\/div>\n\t\t\t\t<\/div>\n\t\t\t\t<div class=\"elementor-element elementor-element-189f5b6 elementor-position-left elementor-vertical-align-top elementor-widget elementor-widget-image-box\" data-id=\"189f5b6\" data-element_type=\"widget\" data-e-type=\"widget\" data-widget_type=\"image-box.default\">\n\t\t\t\t<div class=\"elementor-widget-container\">\n\t\t\t\t\t<div class=\"elementor-image-box-wrapper\"><figure class=\"elementor-image-box-img\"><img loading=\"lazy\" decoding=\"async\" width=\"3292\" height=\"3292\" src=\"https:\/\/hospirent.com\/Hospirentsv\/wp-content\/uploads\/2022\/04\/Faja-cinturon-lumbar-con-bolsa-para-hielo.png\" class=\"attachment-full size-full wp-image-3415\" alt=\"\" srcset=\"https:\/\/hospirent.com\/Hospirentsv\/wp-content\/uploads\/2022\/04\/Faja-cinturon-lumbar-con-bolsa-para-hielo.png 3292w, https:\/\/hospirent.com\/Hospirentsv\/wp-content\/uploads\/2022\/04\/Faja-cinturon-lumbar-con-bolsa-para-hielo-300x300.png 300w, https:\/\/hospirent.com\/Hospirentsv\/wp-content\/uploads\/2022\/04\/Faja-cinturon-lumbar-con-bolsa-para-hielo-1024x1024.png 1024w, https:\/\/hospirent.com\/Hospirentsv\/wp-content\/uploads\/2022\/04\/Faja-cinturon-lumbar-con-bolsa-para-hielo-150x150.png 150w, https:\/\/hospirent.com\/Hospirentsv\/wp-content\/uploads\/2022\/04\/Faja-cinturon-lumbar-con-bolsa-para-hielo-768x768.png 768w, https:\/\/hospirent.com\/Hospirentsv\/wp-content\/uploads\/2022\/04\/Faja-cinturon-lumbar-con-bolsa-para-hielo-1536x1536.png 1536w\" sizes=\"(max-width: 3292px) 100vw, 3292px\" \/><\/figure><div class=\"elementor-image-box-content\"><h3 class=\"elementor-image-box-title\">Faja \/ cintur\u00f3n lumbar con bolsa para hielo<\/h3><p class=\"elementor-image-box-description\">Ideal para el soporte de columna baja.<br>Ofrece compresi\u00f3n directa donde es necesario el m\u00e1ximo alivio.<br>Incluye bolsa para juntar hielo o una compresa para mayor beneficio al alivio.<br>C\u00f3modo y f\u00e1cil de usar.<br>Sistema mec\u00e1nico aventajado que comprime de forma independiente la parte superior e inferior.<br>Esta faja o cintur\u00f3n brinda efectividad y durabilidad.<\/p><\/div><\/div>\t\t\t\t<\/div>\n\t\t\t\t<\/div>\n\t\t\t\t<div class=\"elementor-element elementor-element-913f8c6 elementor-position-left elementor-vertical-align-top elementor-widget elementor-widget-image-box\" data-id=\"913f8c6\" data-element_type=\"widget\" data-e-type=\"widget\" data-widget_type=\"image-box.default\">\n\t\t\t\t<div class=\"elementor-widget-container\">\n\t\t\t\t\t<div class=\"elementor-image-box-wrapper\"><figure class=\"elementor-image-box-img\"><img loading=\"lazy\" decoding=\"async\" width=\"3292\" height=\"3292\" src=\"https:\/\/hospirent.com\/Hospirentsv\/wp-content\/uploads\/2022\/04\/Faja-cinturon-lumbar.png\" class=\"attachment-full size-full wp-image-3416\" alt=\"\" srcset=\"https:\/\/hospirent.com\/Hospirentsv\/wp-content\/uploads\/2022\/04\/Faja-cinturon-lumbar.png 3292w, https:\/\/hospirent.com\/Hospirentsv\/wp-content\/uploads\/2022\/04\/Faja-cinturon-lumbar-300x300.png 300w, https:\/\/hospirent.com\/Hospirentsv\/wp-content\/uploads\/2022\/04\/Faja-cinturon-lumbar-1024x1024.png 1024w, https:\/\/hospirent.com\/Hospirentsv\/wp-content\/uploads\/2022\/04\/Faja-cinturon-lumbar-150x150.png 150w, https:\/\/hospirent.com\/Hospirentsv\/wp-content\/uploads\/2022\/04\/Faja-cinturon-lumbar-768x768.png 768w, https:\/\/hospirent.com\/Hospirentsv\/wp-content\/uploads\/2022\/04\/Faja-cinturon-lumbar-1536x1536.png 1536w\" sizes=\"(max-width: 3292px) 100vw, 3292px\" \/><\/figure><div class=\"elementor-image-box-content\"><h3 class=\"elementor-image-box-title\">Faja \/ cintur\u00f3n lumbar<\/h3><p class=\"elementor-image-box-description\">Ideal para el soporte de columna baja.<br>Ofrece compresi\u00f3n directa donde es necesario el m\u00e1ximo alivio.<br>Hecho de malla transpirable.<br>C\u00f3modo y f\u00e1cil de usar.<br>Sistema mec\u00e1nico aventajado que comprime de forma independiente la parte superior e inferior.<br>Esta faja o cintur\u00f3n brinda efectividad y durabilidad.<\/p><\/div><\/div>\t\t\t\t<\/div>\n\t\t\t\t<\/div>\n\t\t\t\t\t<\/div>\n\t\t<\/div>\n\t\t\t\t\t<\/div>\n\t\t<\/section>\n\t\t\t\t\t<\/div>\n\t\t<\/div>\n\t\t\t\t\t<\/div>\n\t\t<\/section>\n\t\t\t\t<\/div>\n\t\t","protected":false},"excerpt":{"rendered":"<p>Cat\u00e1logo Cinturones lumbrosacro Cintur\u00f3n lumbosacral talla universal Este cintur\u00f3n lumbo es ideal para el alivio del dolor de espalda baja.Proporciona el m\u00e1ximo apoyo en dolor de espalda o alguna actividad vigorosa mediante la reducci\u00f3n de la tensi\u00f3n.Material de espuma y pl\u00e1stico.4 barras de metal para mejorar la postura.Velcro tiene un efecto de compresi\u00f3n alrededor de &hellip;<\/p>\n<p class=\"read-more\"> <a class=\"\" href=\"https:\/\/hospirent.com\/Hospirentsv\/cinturon-lumbosacro\/\"> <span class=\"screen-reader-text\">Cintur\u00f3n Lumbosacro<\/span> Leer m\u00e1s &raquo;<\/a><\/p>\n","protected":false},"author":1,"featured_media":0,"parent":0,"menu_order":0,"comment_status":"closed","ping_status":"closed","template":"","meta":{"site-sidebar-layout":"default","site-content-layout":"default","ast-global-header-display":"","ast-main-header-display":"","ast-hfb-above-header-display":"","ast-hfb-below-header-display":"","ast-hfb-mobile-header-display":"","site-post-title":"","ast-breadcrumbs-content":"","ast-featured-img":"","footer-sml-layout":"","theme-transparent-header-meta":"","adv-header-id-meta":"","stick-header-meta":"","header-above-stick-meta":"","header-main-stick-meta":"","header-below-stick-meta":"","_joinchat":[],"footnotes":""},"class_list":["post-1572","page","type-page","status-publish","hentry"],"_links":{"self":[{"href":"https:\/\/hospirent.com\/Hospirentsv\/wp-json\/wp\/v2\/pages\/1572","targetHints":{"allow":["GET"]}}],"collection":[{"href":"https:\/\/hospirent.com\/Hospirentsv\/wp-json\/wp\/v2\/pages"}],"about":[{"href":"https:\/\/hospirent.com\/Hospirentsv\/wp-json\/wp\/v2\/types\/page"}],"author":[{"embeddable":true,"href":"https:\/\/hospirent.com\/Hospirentsv\/wp-json\/wp\/v2\/users\/1"}],"replies":[{"embeddable":true,"href":"https:\/\/hospirent.com\/Hospirentsv\/wp-json\/wp\/v2\/comments?post=1572"}],"version-history":[{"count":23,"href":"https:\/\/hospirent.com\/Hospirentsv\/wp-json\/wp\/v2\/pages\/1572\/revisions"}],"predecessor-version":[{"id":3422,"href":"https:\/\/hospirent.com\/Hospirentsv\/wp-json\/wp\/v2\/pages\/1572\/revisions\/3422"}],"wp:attachment":[{"href":"https:\/\/hospirent.com\/Hospirentsv\/wp-json\/wp\/v2\/media?parent=1572"}],"curies":[{"name":"wp","href":"https:\/\/api.w.org\/{rel}","templated":true}]}}